(p/(-9))/(3/(-54))?
8
Let m = -208 + 113. Let u = m - -135. What is the units digit of u?
0
Let q = 1091 - 655. Let m = q + -219. What is the units digit of m?
7
Suppose 13*t + 8*t - 22197 = 0. What is the hundreds digit of t?
0
Let s(g) = 10*g - 10*g + 0 - 10 + 3*g. Let o be s(4). What is the tens digit of (21/o)/((-18)/(-96))?
5
Suppose 4*x = 7*x. Suppose -4*r - 5*g + 153 = x, -5*r - 20 = -3*g - 165. What is the tens digit of r?
3
Let b be (2 + -3)/(8/(-184)). Suppose 4*s - 287 = -5*n, 2*n + 39 + b = s. What is the tens digit of s?
6
Suppose -2*a + 1174 = 2*b, 4*b - 8*a + 3*a = 2393. What is the units digit of b?
2
Suppose -h = 3*h. Suppose -2*w + 135 = 2*w - s, w + 4*s - 38 = h. Suppose -w = -3*l + l. What is the units digit of l?
7
Let f(a) = a**3 - 14*a**2 + 15*a - 31. Let k be f(13). Let r = k + 113. What is the hundreds digit of r?
1
Let d(x) = -x**2 - 2*x + 2. Let v be d(-4). Let s(b) = -2*b**3 - 13*b**2 - 8*b - 1. What is the units digit of s(v)?
1
Let l = 9 - 0. What is the units digit of 1 + l + -10 + 1 + 26?
7
What is the units digit of 735/25 - (-72)/45?
1
Let n(r) = -r**3 - 5*r**2 + 29*r + 24. What is the units digit of n(-11)?
1
Let k(x) = -x**3 - x**2 + 5*x - 1. Let q be k(-4). Let h = q - 23. What is the units digit of h?
4
Suppose 4*j = -4*n, -3 = -2*j + n + 3. Suppose -4*z - j - 10 = 0. What is the units digit of 2/z*(-85 + -2)?
8
Let j = 27 - 21. Suppose -j*t - 55 = -7*t. Suppose 3*z - 4*z + t = 0. What is the units digit of z?
5
Let l = -481 + 728. Suppose 6*k = 11 + l. What is the tens digit of k?
4
Suppose 0 = 5*p - 2*n + 10, 0*p + 2 = -p - 2*n. Let r = p - -4. Let v(i) = 5*i**2 + 2*i - 4. What is the tens digit of v(r)?
2
Suppose 2*a + 106 = 2*l, -3*l - a + 5*a = -157. What is the units digit of (-9)/(-15) - 37*l/(-25)?
2
Suppose -53*f + 80807 - 12437 = 0. What is the hundreds digit of f?
2
Suppose 117 = -l - 3*q, l + 78 = -2*q - 40. Let w = -65 - l. What is the units digit of w?
5
Let y be (-4 - -8)*-1*35/(-4). Let v = y - -17. What is the tens digit of v?
5
Let z = 167 + 150. What is the hundreds digit of z?
3
Let x = 19 + -11. Suppose -15 = x*h - 5*h. What is the units digit of 4/h*(-715)/22?
6
Let f = -117 - -127. Let v(g) = -g**2 + 24*g + 1. What is the hundreds digit of v(f)?
1
Suppose 72 = 5*c + z - 63, 5*c - 3*z = 155. Let n = -120 - -113. Let o = c - n. What is the units digit of o?
5
Suppose -60 = -5*o - 4*i, -4*i + 3*i = 2*o - 24. Suppose 16*z = o*z + 228. What is the tens digit of z?
5
Let y(j) = j - 11. Let z be y(14). Suppose 3*g = -d + 26, -2*d = -z*g - 46 - 15. What is the tens digit of d?
2
What is the thousands digit of 9448*(0 - -8)/64?
1
Let c be 5/((-15)/66) - 2. What is the units digit of (c/18)/((-2)/108)?
2
Let g be 2/8 - (-12912)/64. What is the hundreds digit of (g/(-4))/((-3)/6)?
1
Suppose -18*u + 16*u = -5*i - 1121, -3*i = -5*u + 2755. What is the units digit of u?
8
Let p = -2 + 8. Let z(q) = -22*q**2 + 4*q + 15. Let j(m) = -11*m**2 + 2*m + 7. Let u(h) = p*z(h) - 13*j(h). What is the units digit of u(-1)?
2
Let m(d) = -4*d**3 + 14*d**2 + 16*d - 20. What is the units digit of m(-5)?
0
Let j(q) = -24*q - 14. Let m(s) = 8*s + 5. Let z(d) = 6*j(d) + 17*m(d). Let k be z(-2). Let y = k - 9. What is the units digit of y?
8
Suppose 3*p - r - 3565 = 0, -15*p = -10*p - 3*r - 5943. What is the units digit of p?
8
What is the hundreds digit of -8*(-5)/80 + 3717/6?
6
Suppose 9 - 5 = 2*o. Suppose -4*a - 5*n = -80 - 59, 0 = -a + o*n + 38. What is the units digit of a?
6
Let b(d) = -211*d - 6. Let o be b(-7). Suppose 2*z + 2*x - 534 = 0, -4*x - o = -5*z - 136. What is the units digit of z?
7
Let m be 4 - 2 - (7 - 13). Let k be (-22)/(7/(28/m)). Let w(y) = y**3 + 10*y**2 - 12*y. What is the tens digit of w(k)?
1
Let k(r) = 20*r**2 - 2*r - 1 + 37*r**2 - 14*r**2. What is the units digit of k(-1)?
4
Suppose 3*r - 8277 = -3*t, -1869 - 892 = -t - 3*r. What is the units digit of t?
8
Suppose -2*v - 3*i = -619 - 495, -3*v - 3*i + 1665 = 0. What is the hundreds digit of v?
5
Let i be (0 + 2 + -5)*100/(-20). What is the tens digit of (-1486)/(-10) + (-9)/i?
4
Suppose 4*x = 4*b + 37 - 161, b = 0. Let r = 145 - x. What is the hundreds digit of r?
1
Let d = -586 + 940. What is the tens digit of d?
5
Let o(x) = -x**3 + 22. Let b = -6 - -8. Suppose -4 = 4*g, -4*g + 2 = b*z + 6. What is the units digit of o(z)?
2
Suppose -8*b = 21*b - 24302. What is the hundreds digit of b?
8
Suppose 23*b - 1980 = 8*b. Suppose n - 1 = 5*g - 4, 0 = g - 1. Suppose -n*y - b = -6*y. What is the units digit of y?
3
Let y = -17 - -26. Suppose -s - y = 3. What is the units digit of (s/(-8)*12)/1?
8
Suppose -5*t + 363 + 47 = 2*w, -4*w + 810 = 5*t. What is the tens digit of w?
0
Suppose -2*j = o - 2*o + 3762, j - 3768 = -o. What is the hundreds digit of o?
7
Let h(i) = -2*i**2 + 13*i - 12. Let v(c) = -c**2 + 6*c - 6. Let k(j) = 3*h(j) - 5*v(j). Suppose -3*t + 4 = -2*t. What is the units digit of k(t)?
4
Let n(t) = -215*t + 7. Let d be n(-3). Suppose 3*h - s = 560, -d - 268 = -5*h - 5*s. What is the hundreds digit of h?
1
Let w = 12 - 9. Suppose -w*r + 6 + 3 = 0. Suppose r*q = 4*q - 36. What is the tens digit of q?
3
Let f(a) = 807*a**2 + 9*a + 1. What is the tens digit of f(-1)?
9
Let b(a) = 18*a**2 + 6*a + 39. What is the hundreds digit of b(8)?
2
Suppose -n - 3*i + 107 = 0, n - 44 = 3*i + 81. Let o = 448 + -444. Suppose 48 + n = o*t. What is the units digit of t?
1
Let c be (-10)/(-45) - (-775)/(-45). Let q = -28 + 6. Let o = c - q. What is the units digit of o?
5
Suppose 0 = -3*s, -2699 - 1371 = -g + 3*s. What is the thousands digit of g?
4
Let f be (14 + -16)*(-14)/(-4). Let i(a) = -a**3 - 7*a**2 - 7*a - 7. Let d be i(f). What is the units digit of (28/d)/((-2)/(-63))?
1
Let x(p) = 15*p**2 - 6*p + 17. What is the tens digit of x(7)?
1
Let g = 36 + -29. Suppose g*l = 4*l + 5*q - 5, -q + 1 = l. Suppose l = 20*r - 24*r + 68. What is the units digit of r?
7
Suppose 5*t + 9 + 421 = 0. Let y = t + 164. What is the units digit of y?
8
Suppose 24*v = 20*v + 44. Suppose -19*s + v*s + 216 = 0. What is the tens digit of s?
2
Let d(p) = 10*p**2 + 8*p - 17. What is the hundreds digit of d(5)?
2
Let g be 5/2 - (-2)/4. Suppose -m = g*w + m - 65, 4*w + m = 85. What is the units digit of w?
1
Let p be ((-2)/(-6))/((-7)/(-42)). Suppose 3*i + 70 - 564 = -4*j, -p = -i. What is the hundreds digit of j?
1
Let c be 4/(-3)*24/(-16). Suppose c*g = -g + 72. Suppose 108 + g = 4*p. What is the units digit of p?
3
Let h(u) = -u**3 - 4*u**2 + 9*u + 11. Let g be h(-5). What is the units digit of g/3 - (-222)/6?
4
Let v be (-1 + -161)*2/(-4). Let g be 0/(-1) + (0 - 56). Let d = g + v. What is the tens digit of d?
2
Let y(c) = c**2 - 5*c - 3. Let g be y(6). Let d be g/2 + 2/4. Suppose 4*h - 178 = -d. What is the tens digit of h?
4
Suppose 124 - 684 = -8*u. Suppose -2*d + 20 + u = 0. What is the units digit of d?
5
Let k(t) = -9*t. Let c be k(-1). Suppose 4*z + 36 = 5*s, c*z + 24 = s + 4*z. What is the units digit of (-8)/(-6)*3/s?
1
Suppose 0 = 3*h - 5*n - 797, 2*h + 5*n = 194 + 329. What is the tens digit of h?
6
Let m = -1393 - -2329. What is the hundreds digit of m?
9
Suppose -5*x = l - 13 + 2, -l - 13 = -3*x. What is the units digit of ((-12)/10 + -2)/(l/60)?
8
Suppose -5*d + 2 = -q, 3*q + 3 + 3 = 0. Let c(o) = o + 3. Let a be c(d). Suppose j - 132 = -a*j. What is the tens digit of j?
3
What is the units digit of (-10*42/(-25))/((-4)/(-120))?
4
Let i = -896 - -1313. What is the hundreds digit of i?
4
Suppose 953 + 5795 = 14*r. What is the units digit of r?
2
Let t = 41 - 46. What is the hundreds digit of ((-714)/(-35))/((-1)/t)?
1
Let t(s) = s**2 + 3*s - 6. Let i be t(-5). Suppose 2*p = 4, -p - i = -4*j + p. What is the units digit of (2 - 0) + 4 + j?
8
Let p = 7469 - 5071. What is the units digit of p?
8
Let s be (-4)/(-6) + (-6960)/(-36). Let v = s - 112. What is the units digit of v?
2
Let p(j) = 3*j + 53. Let s be p(25). Let d = 409 - s. What is the hundreds digit of d?
2
Let w be (-8)/(-6) - 59/(-3). Let q = 7 - w. What is the units digit of (-584)/q - (-8)/28?
2
Suppose 7362 = -16*u + 18*u + 2*k, k + 4 = 0. What is the units digit of u?
5
What is the units digit of ((-42)/(-28))/(3/358)?
9
Suppose n + 4*t - 2028 = 0, 3*t - 10140 = -5*n - 2*t. What is the units d